{"id":619,"date":"2020-04-16T17:22:00","date_gmt":"2020-04-16T15:22:00","guid":{"rendered":"https:\/\/francas-paca.fr\/vacancesalamaison\/?page_id=619"},"modified":"2020-04-21T09:17:33","modified_gmt":"2020-04-21T07:17:33","slug":"droits-des-enfants","status":"publish","type":"page","link":"https:\/\/francas-paca.fr\/vacancesalamaison\/?page_id=619","title":{"rendered":"Droits des enfants"},"content":{"rendered":"[vc_row type=\u00a0\u00bbin_container\u00a0\u00bb full_screen_row_position=\u00a0\u00bbmiddle\u00a0\u00bb scene_position=\u00a0\u00bbcenter\u00a0\u00bb text_color=\u00a0\u00bbdark\u00a0\u00bb text_align=\u00a0\u00bbleft\u00a0\u00bb overlay_strength=\u00a0\u00bb0.3&Prime; shape_divider_position=\u00a0\u00bbbottom\u00a0\u00bb bg_image_animation=\u00a0\u00bbnone\u00a0\u00bb][vc_column column_padding=\u00a0\u00bbno-extra-padding\u00a0\u00bb column_padding_position=\u00a0\u00bball\u00a0\u00bb background_color_opacity=\u00a0\u00bb1&Prime; background_hover_color_opacity=\u00a0\u00bb1&Prime; column_link_target=\u00a0\u00bb_self\u00a0\u00bb column_shadow=\u00a0\u00bbnone\u00a0\u00bb column_border_radius=\u00a0\u00bbnone\u00a0\u00bb width=\u00a0\u00bb1\/1&Prime; tablet_width_inherit=\u00a0\u00bbdefault\u00a0\u00bb tablet_text_alignment=\u00a0\u00bbdefault\u00a0\u00bb phone_text_alignment=\u00a0\u00bbdefault\u00a0\u00bb column_border_width=\u00a0\u00bbnone\u00a0\u00bb column_border_style=\u00a0\u00bbsolid\u00a0\u00bb bg_image_animation=\u00a0\u00bbnone\u00a0\u00bb][image_with_animation image_url=\u00a0\u00bb620&Prime; alignment=\u00a0\u00bbcenter\u00a0\u00bb animation=\u00a0\u00bbFade In\u00a0\u00bb border_radius=\u00a0\u00bbnone\u00a0\u00bb box_shadow=\u00a0\u00bbnone\u00a0\u00bb max_width=\u00a0\u00bb100%\u00a0\u00bb][nectar_animated_title heading_tag=\u00a0\u00bbh3&Prime; style=\u00a0\u00bbcolor-strip-reveal\u00a0\u00bb color=\u00a0\u00bbAccent-Color\u00a0\u00bb text=\u00a0\u00bbAgis pour tes droits\u00a0\u00bb][divider line_type=\u00a0\u00bbNo Line\u00a0\u00bb custom_height=\u00a0\u00bb30&Prime;][vc_column_text]Cette op\u00e9ration s\u2019adresse aux enfants et aux adolescents sur le territoire fran\u00e7ais (m\u00e9tropole et Outre-mer) ainsi qu\u2019aux structures \u00e9ducatives du monde entier. Les \u00e9l\u00e8ves des \u00e9coles, coll\u00e8ges et lyc\u00e9es situ\u00e9s sur le territoire national et des \u00e9tablissements fran\u00e7ais \u00e0 l\u2019\u00e9tranger, sont donc concern\u00e9s.<br \/>\nLe projet peut \u00eatre individuel ou collectif, soutenu par l\u2019\u00e9quipe \u00e9ducative sur le temps scolaire ou p\u00e9riscolaire.<\/p>\n<p>Aujourd&rsquo;hui au vu du contexte de confinement actuel qui est le notre, les Francas vous proposent d&rsquo;adapter ce projet au cadre qui est le votre en donnant la possibilit\u00e9 \u00e0 vos enfants et jeunes de s&rsquo;exprimer de la fa\u00e7on qu&rsquo;ils souhaitent sur les droits qui sont les leurs.[\/vc_column_text][divider line_type=\u00a0\u00bbNo Line\u00a0\u00bb custom_height=\u00a0\u00bb30&Prime;][nectar_animated_title heading_tag=\u00a0\u00bbh6&Prime; style=\u00a0\u00bbcolor-strip-reveal\u00a0\u00bb color=\u00a0\u00bbAccent-Color\u00a0\u00bb text=\u00a0\u00bbQuelles conditions de participation ?\u00a0\u00bb][divider line_type=\u00a0\u00bbNo Line\u00a0\u00bb custom_height=\u00a0\u00bb30&Prime;][vc_column_text]Pour participer c&rsquo;est tout simple,<\/p>\n<p>Tous les jours un droit diff\u00e9rent sera affich\u00e9 sur les pages facebook des francas de Vaucluse et \u00e9galement sur la page des vacances \u00e0 la maison. Cela permet un premier travail de r\u00e9flexion avec les enfants et les jeunes sur chaque droit. Lorsque l&rsquo;un d&rsquo;eux vous parlent suffisamment pour en faire une oeuvre, alors lancez-vous dans la production, sous le format voulu (dessin, chant, sketch film\u00e9&#8230;), et envoyer le nous pour qu&rsquo;il soit partag\u00e9 ! Alors \u00e0 vous de jouer !<\/p>\n<p>Vous trouverez toutes les infos sur ces documents :<\/p>\n<ul>\n<li><a href=\"https:\/\/francas-paca.fr\/vacancesalamaison\/wp-content\/uploads\/sites\/8\/2020\/04\/Pr\u00e9sentation-APTD-partie-1-1.pdf\">d\u00e9roulement du jeu\u00a0<\/a><\/li>\n<li><a href=\"https:\/\/francas-paca.fr\/vacancesalamaison\/wp-content\/uploads\/sites\/8\/2020\/04\/Pr\u00e9sentation-APTD-partie-2-1.pdf\">qu&rsquo;est ce qu&rsquo;agis pour tes droits<\/a>?<\/li>\n<\/ul>\n[\/vc_column_text][image_with_animation image_url=\u00a0\u00bb626&Prime; alignment=\u00a0\u00bbcenter\u00a0\u00bb animation=\u00a0\u00bbFade In\u00a0\u00bb border_radius=\u00a0\u00bbnone\u00a0\u00bb box_shadow=\u00a0\u00bbnone\u00a0\u00bb max_width=\u00a0\u00bb50%\u00a0\u00bb][divider line_type=\u00a0\u00bbNo Line\u00a0\u00bb custom_height=\u00a0\u00bb30&Prime;][nectar_animated_title heading_tag=\u00a0\u00bbh6&Prime; style=\u00a0\u00bbcolor-strip-reveal\u00a0\u00bb color=\u00a0\u00bbAccent-Color\u00a0\u00bb text=\u00a0\u00bbDes ressources \u00e0 votre disposition\u00a0\u00bb][divider line_type=\u00a0\u00bbNo Line\u00a0\u00bb custom_height=\u00a0\u00bb30&Prime;][vc_column_text]<a href=\"https:\/\/www.defenseurdesdroits.fr\/sites\/default\/files\/atoms\/files\/manuel_education_au_droit.pdf\">Le manuel d&rsquo;\u00e9ducation aux droits<\/a>, \u00e0 destination des parents et leurs enfants,\u00a0 auxquels la F\u00e9d\u00e9ration nationale des Francas a contribu\u00e9 et que le d\u00e9fenseur des droits a publi\u00e9.<\/p>\n<p>D&rsquo;autres ressources sont disponibles directement sur <a href=\"https:\/\/educadroit.fr\/\">le site Educadroits<\/a> du d\u00e9fenseur des droits de l&rsquo;enfant.<\/p>\n<p>Pour les plus aguerris d&rsquo;entre vous qui\u00a0 souhaitent se plonger dans le texte des droits, vous pouvez <a href=\"https:\/\/francas-paca.fr\/vacancesalamaison\/wp-content\/uploads\/sites\/8\/2020\/04\/cide.pdf\">le trouver ici<\/a>.[\/vc_column_text][divider line_type=\u00a0\u00bbNo Line\u00a0\u00bb custom_height=\u00a0\u00bb30&Prime;][nectar_animated_title heading_tag=\u00a0\u00bbh6&Prime; style=\u00a0\u00bbcolor-strip-reveal\u00a0\u00bb color=\u00a0\u00bbAccent-Color\u00a0\u00bb text=\u00a0\u00bbLes contributions des participants\u00a0\u00bb][divider line_type=\u00a0\u00bbNo Line\u00a0\u00bb custom_height=\u00a0\u00bb30&Prime;][nectar_btn size=\u00a0\u00bbmedium\u00a0\u00bb button_style=\u00a0\u00bbregular\u00a0\u00bb button_color_2=\u00a0\u00bbExtra-Color-1&Prime; icon_family=\u00a0\u00bbnone\u00a0\u00bb url=\u00a0\u00bbmailto:vacancesalamaison@francaspaca.fr\u00a0\u00bb text=\u00a0\u00bbEnvoyer ma contribution !\u00a0\u00bb][vc_column_text]Vous retrouvez ici sous peu les contributions des familles qui souhaitent participer\u00a0 :[\/vc_column_text][\/vc_column][\/vc_row]\n","protected":false},"excerpt":{"rendered":"<p>[vc_row type=\u00a0\u00bbin_container\u00a0\u00bb full_screen_row_position=\u00a0\u00bbmiddle\u00a0\u00bb scene_position=\u00a0\u00bbcenter\u00a0\u00bb text_color=\u00a0\u00bbdark\u00a0\u00bb text_align=\u00a0\u00bbleft\u00a0\u00bb overlay_strength=\u00a0\u00bb0.3&Prime; shape_divider_position=\u00a0\u00bbbottom\u00a0\u00bb bg_image_animation=\u00a0\u00bbnone\u00a0\u00bb][vc_column column_padding=\u00a0\u00bbno-extra-padding\u00a0\u00bb column_padding_position=\u00a0\u00bball\u00a0\u00bb background_color_opacity=\u00a0\u00bb1&Prime; background_hover_color_opacity=\u00a0\u00bb1&Prime; column_link_target=\u00a0\u00bb_self\u00a0\u00bb column_shadow=\u00a0\u00bbnone\u00a0\u00bb column_border_radius=\u00a0\u00bbnone\u00a0\u00bb width=\u00a0\u00bb1\/1&Prime; tablet_width_inherit=\u00a0\u00bbdefault\u00a0\u00bb tablet_text_alignment=\u00a0\u00bbdefault\u00a0\u00bb phone_text_alignment=\u00a0\u00bbdefault\u00a0\u00bb column_border_width=\u00a0\u00bbnone\u00a0\u00bb column_border_style=\u00a0\u00bbsolid\u00a0\u00bb bg_image_animation=\u00a0\u00bbnone\u00a0\u00bb][image_with_animation image_url=\u00a0\u00bb620&Prime; alignment=\u00a0\u00bbcenter\u00a0\u00bb&#8230;<\/p>\n","protected":false},"author":17,"featured_media":620,"parent":0,"menu_order":0,"comment_status":"closed","ping_status":"closed","template":"","meta":{"footnotes":""},"class_list":["post-619","page","type-page","status-publish","has-post-thumbnail"],"_links":{"self":[{"href":"https:\/\/francas-paca.fr\/vacancesalamaison\/index.php?rest_route=\/wp\/v2\/pages\/619","targetHints":{"allow":["GET"]}}],"collection":[{"href":"https:\/\/francas-paca.fr\/vacancesalamaison\/index.php?rest_route=\/wp\/v2\/pages"}],"about":[{"href":"https:\/\/francas-paca.fr\/vacancesalamaison\/index.php?rest_route=\/wp\/v2\/types\/page"}],"author":[{"embeddable":true,"href":"https:\/\/francas-paca.fr\/vacancesalamaison\/index.php?rest_route=\/wp\/v2\/users\/17"}],"replies":[{"embeddable":true,"href":"https:\/\/francas-paca.fr\/vacancesalamaison\/index.php?rest_route=%2Fwp%2Fv2%2Fcomments&post=619"}],"version-history":[{"count":0,"href":"https:\/\/francas-paca.fr\/vacancesalamaison\/index.php?rest_route=\/wp\/v2\/pages\/619\/revisions"}],"wp:featuredmedia":[{"embeddable":true,"href":"https:\/\/francas-paca.fr\/vacancesalamaison\/index.php?rest_route=\/wp\/v2\/media\/620"}],"wp:attachment":[{"href":"https:\/\/francas-paca.fr\/vacancesalamaison\/index.php?rest_route=%2Fwp%2Fv2%2Fmedia&parent=619"}],"curies":[{"name":"wp","href":"https:\/\/api.w.org\/{rel}","templated":true}]}}